Dec 02 20:29:08.758 INFO testing reqwest-pretty-json-0.1.2 against master#8940af3cea4a9a9deabcaf843b2f8cad9a83fc61 for beta-1.31-5
Dec 02 20:29:08.758 INFO running `"docker" "create" "-v" "/mnt/big/crater/work/local/target-dirs/beta-1.31-5/worker-2/master#8940af3cea4a9a9deabcaf843b2f8cad9a83fc61:/target:rw,Z" "-v" "/mnt/big/crater/work/local/test-source/worker-2/beta-1.31-5/master#8940af3cea4a9a9deabcaf843b2f8cad9a83fc61:/source:ro,Z" "-v" "/mnt/big/crater/work/local/cargo-home:/cargo-home:ro,Z" "-v" "/mnt/big/crater/work/local/rustup-home:/rustup-home:ro,Z" "-e" "USER_ID=1000" "-e" "SOURCE_DIR=/source" "-e" "USER_ID=1000" "-e" "CMD=cargo +8940af3cea4a9a9deabcaf843b2f8cad9a83fc61-alt build --frozen" "-e" "CARGO_TARGET_DIR=/target" "-e" "CARGO_INCREMENTAL=0" "-e" "RUST_BACKTRACE=full" "-e" "RUSTFLAGS=--cap-lints=warn" "-e" "CARGO_HOME=/cargo-home" "-e" "RUSTUP_HOME=/rustup-home" "-m" "1536M" "--network" "none" "crater"`
Dec 02 20:29:08.983 INFO [stdout] c4df7b1446b0be052ec7ff153ba5a1ccaf15fd8bb17511bf89c16e16065758dd
Dec 02 20:29:08.985 INFO running `"docker" "start" "-a" "c4df7b1446b0be052ec7ff153ba5a1ccaf15fd8bb17511bf89c16e16065758dd"`
Dec 02 20:29:10.039 INFO [stderr] usermod: no changes
Dec 02 20:29:10.293 INFO [stderr]    Compiling reqwest-pretty-json v0.1.2 (/source)
Dec 02 20:29:16.327 INFO [stderr]     Finished dev [unoptimized + debuginfo] target(s) in 6.25s
Dec 02 20:29:16.339 INFO [stderr] su: No module specific data is present
Dec 02 20:29:16.908 INFO running `"docker" "inspect" "c4df7b1446b0be052ec7ff153ba5a1ccaf15fd8bb17511bf89c16e16065758dd"`
Dec 02 20:29:17.248 INFO running `"docker" "rm" "-f" "c4df7b1446b0be052ec7ff153ba5a1ccaf15fd8bb17511bf89c16e16065758dd"`
Dec 02 20:29:17.639 INFO [stdout] c4df7b1446b0be052ec7ff153ba5a1ccaf15fd8bb17511bf89c16e16065758dd
Dec 02 20:29:17.641 INFO running `"docker" "create" "-v" "/mnt/big/crater/work/local/target-dirs/beta-1.31-5/worker-2/master#8940af3cea4a9a9deabcaf843b2f8cad9a83fc61:/target:rw,Z" "-v" "/mnt/big/crater/work/local/test-source/worker-2/beta-1.31-5/master#8940af3cea4a9a9deabcaf843b2f8cad9a83fc61:/source:ro,Z" "-v" "/mnt/big/crater/work/local/cargo-home:/cargo-home:ro,Z" "-v" "/mnt/big/crater/work/local/rustup-home:/rustup-home:ro,Z" "-e" "USER_ID=1000" "-e" "SOURCE_DIR=/source" "-e" "USER_ID=1000" "-e" "CMD=cargo +8940af3cea4a9a9deabcaf843b2f8cad9a83fc61-alt test --frozen --no-run" "-e" "CARGO_TARGET_DIR=/target" "-e" "CARGO_INCREMENTAL=0" "-e" "RUST_BACKTRACE=full" "-e" "RUSTFLAGS=--cap-lints=warn" "-e" "CARGO_HOME=/cargo-home" "-e" "RUSTUP_HOME=/rustup-home" "-m" "1536M" "--network" "none" "crater"`
Dec 02 20:29:18.108 INFO [stdout] 79261442ff3a999219aa981f958795186970145999a99695ca63970a8569ad94
Dec 02 20:29:18.110 INFO running `"docker" "start" "-a" "79261442ff3a999219aa981f958795186970145999a99695ca63970a8569ad94"`
Dec 02 20:29:19.187 INFO [stderr] usermod: no changes
Dec 02 20:29:19.383 INFO [stderr]    Compiling reqwest-pretty-json v0.1.2 (/source)
Dec 02 20:29:29.650 INFO [stderr]     Finished dev [unoptimized + debuginfo] target(s) in 10.44s
Dec 02 20:29:29.662 INFO [stderr] su: No module specific data is present
Dec 02 20:29:30.693 INFO running `"docker" "inspect" "79261442ff3a999219aa981f958795186970145999a99695ca63970a8569ad94"`
Dec 02 20:29:30.988 INFO running `"docker" "rm" "-f" "79261442ff3a999219aa981f958795186970145999a99695ca63970a8569ad94"`
Dec 02 20:29:31.351 INFO [stdout] 79261442ff3a999219aa981f958795186970145999a99695ca63970a8569ad94
Dec 02 20:29:31.359 INFO running `"docker" "create" "-v" "/mnt/big/crater/work/local/target-dirs/beta-1.31-5/worker-2/master#8940af3cea4a9a9deabcaf843b2f8cad9a83fc61:/target:rw,Z" "-v" "/mnt/big/crater/work/local/test-source/worker-2/beta-1.31-5/master#8940af3cea4a9a9deabcaf843b2f8cad9a83fc61:/source:ro,Z" "-v" "/mnt/big/crater/work/local/cargo-home:/cargo-home:ro,Z" "-v" "/mnt/big/crater/work/local/rustup-home:/rustup-home:ro,Z" "-e" "USER_ID=1000" "-e" "SOURCE_DIR=/source" "-e" "USER_ID=1000" "-e" "CMD=cargo +8940af3cea4a9a9deabcaf843b2f8cad9a83fc61-alt test --frozen" "-e" "CARGO_TARGET_DIR=/target" "-e" "CARGO_INCREMENTAL=0" "-e" "RUST_BACKTRACE=full" "-e" "RUSTFLAGS=--cap-lints=warn" "-e" "CARGO_HOME=/cargo-home" "-e" "RUSTUP_HOME=/rustup-home" "-m" "1536M" "--network" "none" "crater"`
Dec 02 20:29:31.829 INFO [stdout] 0271d11691d9de1e7dd95cd55474d987f108e9ab9c0f0a95607c0e4753252636
Dec 02 20:29:31.832 INFO running `"docker" "start" "-a" "0271d11691d9de1e7dd95cd55474d987f108e9ab9c0f0a95607c0e4753252636"`
Dec 02 20:29:33.611 INFO [stderr] usermod: no changes
Dec 02 20:29:33.892 INFO [stderr]     Finished dev [unoptimized + debuginfo] target(s) in 0.24s
Dec 02 20:29:33.935 INFO [stderr]      Running /target/debug/deps/reqwest_pretty_json-d0f43fd1efa445d5
Dec 02 20:29:33.945 INFO [stdout] 
Dec 02 20:29:33.945 INFO [stdout] running 1 test
Dec 02 20:29:34.199 INFO [stdout] test tests::add_pretty_json ... FAILED
Dec 02 20:29:34.199 INFO [stdout] 
Dec 02 20:29:34.199 INFO [stdout] failures:
Dec 02 20:29:34.200 INFO [stdout] 
Dec 02 20:29:34.200 INFO [stdout] ---- tests::add_pretty_json stdout ----
Dec 02 20:29:34.200 INFO [stdout] thread 'tests::add_pretty_json' panicked at 'called `Result::unwrap()` on an `Err` value: Inner { kind: Hyper(Error { kind: Connect, cause: Custom { kind: Other, error: StringError("failed to lookup address information: Temporary failure in name resolution") } }), url: Some("http://httpbin.org/post") }', libcore/result.rs:1009:5
Dec 02 20:29:34.200 INFO [stdout] stack backtrace:
Dec 02 20:29:34.200 INFO [stdout]    0:     0x562273d3c03f - std::sys::unix::backtrace::tracing::imp::unwind_backtrace::h3a8b83e1922cbdde
Dec 02 20:29:34.200 INFO [stdout]                                at libstd/sys/unix/backtrace/tracing/gcc_s.rs:49
Dec 02 20:29:34.200 INFO [stdout]    1:     0x562273d45ba7 - std::sys_common::backtrace::print::h00d3155a29b4020f
Dec 02 20:29:34.200 INFO [stdout]                                at libstd/sys_common/backtrace.rs:71
Dec 02 20:29:34.200 INFO [stdout]                                at libstd/sys_common/backtrace.rs:59
Dec 02 20:29:34.200 INFO [stdout]    2:     0x562273d4045f - std::panicking::default_hook::{{closure}}::hd7465c742e79e1bb
Dec 02 20:29:34.200 INFO [stdout]                                at libstd/panicking.rs:211
Dec 02 20:29:34.200 INFO [stdout]    3:     0x562273d4015e - std::panicking::default_hook::h9e3966f2aa2a6e12
Dec 02 20:29:34.200 INFO [stdout]                                at libstd/panicking.rs:221
Dec 02 20:29:34.200 INFO [stdout]    4:     0x562273d40b3e - std::panicking::rust_panic_with_hook::h587f091ae747d080
Dec 02 20:29:34.200 INFO [stdout]                                at libstd/panicking.rs:476
Dec 02 20:29:34.200 INFO [stdout]    5:     0x562273d406e1 - std::panicking::continue_panic_fmt::hb3a4fdede87f43a8
Dec 02 20:29:34.200 INFO [stdout]                                at libstd/panicking.rs:390
Dec 02 20:29:34.200 INFO [stdout]    6:     0x562273d405c5 - rust_begin_unwind
Dec 02 20:29:34.200 INFO [stdout]                                at libstd/panicking.rs:325
Dec 02 20:29:34.200 INFO [stdout]    7:     0x562273d84d1c - core::panicking::panic_fmt::h6f9cebf5e7474a0b
Dec 02 20:29:34.200 INFO [stdout]                                at libcore/panicking.rs:77
Dec 02 20:29:34.200 INFO [stdout]    8:     0x5622738974f5 - core::result::unwrap_failed::hf4e787d82f5611f8
Dec 02 20:29:34.200 INFO [stdout]                                at libcore/macros.rs:26
Dec 02 20:29:34.200 INFO [stdout]    9:     0x5622737bd51a - <core::result::Result<T, E>>::unwrap::h01c09c7c06c8f871
Dec 02 20:29:34.200 INFO [stdout]                                at libcore/result.rs:808
Dec 02 20:29:34.200 INFO [stdout]   10:     0x5622737cf0c5 - reqwest_pretty_json::tests::add_pretty_json::hfe7e27729ba9669f
Dec 02 20:29:34.200 INFO [stdout]                                at src/lib.rs:105
Dec 02 20:29:34.200 INFO [stdout]   11:     0x5622737ceeb9 - reqwest_pretty_json::tests::add_pretty_json::{{closure}}::h24980f09b6701126
Dec 02 20:29:34.200 INFO [stdout]                                at src/lib.rs:96
Dec 02 20:29:34.200 INFO [stdout]   12:     0x5622737ca8dd - core::ops::function::FnOnce::call_once::h203e19bccc0429b6
Dec 02 20:29:34.200 INFO [stdout]                                at libcore/ops/function.rs:238
Dec 02 20:29:34.200 INFO [stdout]   13:     0x5622737d16de - <F as alloc::boxed::FnBox<A>>::call_box::hac903f91577a156c
Dec 02 20:29:34.200 INFO [stdout]                                at libtest/lib.rs:1468
Dec 02 20:29:34.201 INFO [stdout]                                at libcore/ops/function.rs:238
Dec 02 20:29:34.201 INFO [stdout]                                at liballoc/boxed.rs:672
Dec 02 20:29:34.201 INFO [stdout]   14:     0x562273d50b59 - __rust_maybe_catch_panic
Dec 02 20:29:34.201 INFO [stdout]                                at libpanic_unwind/lib.rs:102
Dec 02 20:29:34.201 INFO [stdout]   15:     0x5622737f3332 - std::sys_common::backtrace::__rust_begin_short_backtrace::hb8f0d0309526c184
Dec 02 20:29:34.201 INFO [stdout]                                at libstd/panicking.rs:289
Dec 02 20:29:34.201 INFO [stdout]                                at libstd/panic.rs:392
Dec 02 20:29:34.201 INFO [stdout]                                at libtest/lib.rs:1423
Dec 02 20:29:34.201 INFO [stdout]                                at libstd/sys_common/backtrace.rs:136
Dec 02 20:29:34.201 INFO [stdout]   16:     0x5622737f3de4 - std::panicking::try::do_call::hc2f7c8b9a348d8db
Dec 02 20:29:34.201 INFO [stdout]                                at libstd/thread/mod.rs:409
Dec 02 20:29:34.201 INFO [stdout]                                at libstd/panic.rs:313
Dec 02 20:29:34.201 INFO [stdout]                                at libstd/panicking.rs:310
Dec 02 20:29:34.201 INFO [stdout]   17:     0x562273d50b59 - __rust_maybe_catch_panic
Dec 02 20:29:34.201 INFO [stdout]                                at libpanic_unwind/lib.rs:102
Dec 02 20:29:34.201 INFO [stdout]   18:     0x5622737e101c - <F as alloc::boxed::FnBox<A>>::call_box::h6bfded618e480b32
Dec 02 20:29:34.201 INFO [stdout]                                at libstd/panicking.rs:289
Dec 02 20:29:34.201 INFO [stdout]                                at libstd/panic.rs:392
Dec 02 20:29:34.201 INFO [stdout]                                at libstd/thread/mod.rs:408
Dec 02 20:29:34.201 INFO [stdout]                                at liballoc/boxed.rs:672
Dec 02 20:29:34.201 INFO [stdout]   19:     0x562273d3e14d - std::sys_common::thread::start_thread::h4c28257d67cdf9cb
Dec 02 20:29:34.201 INFO [stdout]                                at liballoc/boxed.rs:682
Dec 02 20:29:34.201 INFO [stdout]                                at libstd/sys_common/thread.rs:24
Dec 02 20:29:34.201 INFO [stdout]   20:     0x562273d30385 - std::sys::unix::thread::Thread::new::thread_start::hfecb2e7eff8fd34f
Dec 02 20:29:34.201 INFO [stdout]                                at libstd/sys/unix/thread.rs:90
Dec 02 20:29:34.201 INFO [stdout]   21:     0x7fded37186b9 - start_thread
Dec 02 20:29:34.201 INFO [stdout]   22:     0x7fded323841c - clone
Dec 02 20:29:34.201 INFO [stdout]   23:                0x0 - <unknown>
Dec 02 20:29:34.201 INFO [stdout] 
Dec 02 20:29:34.201 INFO [stdout] 
Dec 02 20:29:34.201 INFO [stdout] failures:
Dec 02 20:29:34.201 INFO [stdout]     tests::add_pretty_json
Dec 02 20:29:34.201 INFO [stdout] 
Dec 02 20:29:34.202 INFO [stdout] test result: FAILED. 0 passed; 1 failed; 0 ignored; 0 measured; 0 filtered out
Dec 02 20:29:34.202 INFO [stdout] 
Dec 02 20:29:34.207 INFO [stderr] error: test failed, to rerun pass '--lib'
Dec 02 20:29:34.211 INFO [stderr] su: No module specific data is present
Dec 02 20:29:35.097 INFO running `"docker" "inspect" "0271d11691d9de1e7dd95cd55474d987f108e9ab9c0f0a95607c0e4753252636"`
Dec 02 20:29:35.345 INFO running `"docker" "rm" "-f" "0271d11691d9de1e7dd95cd55474d987f108e9ab9c0f0a95607c0e4753252636"`
Dec 02 20:29:35.495 INFO [stdout] 0271d11691d9de1e7dd95cd55474d987f108e9ab9c0f0a95607c0e4753252636
